 f be 4/(-8 - (-918)/117). Let j = q + f. What is the remainder when 11 is divided by j?
3
Let w = -29 + 112. Calculate the remainder when 308 is divided by w.
59
Let p = -8374 - -8437. Suppose 5*i - 51 = 29. What is the remainder when p is divided by i?
15
What is the remainder when 106/477 - 10724/(-18) is divided by 75?
71
Let z = -1125 - -1306. Calculate the remainder when z is divided by 59.
4
Suppose -372 = n - 382. Suppose 87 + 89 = 5*u - 3*z, 5*z + n = 0. Suppose 0 = -2*f + 195 - 67. Calculate the remainder when f is divided by u.
30
Let i be 10*(-2 + -1) + -4. Let p = 37 + i. Let f = 6 - -7. Calculate the remainder when f is divided by p.
1
Let d be (20/(-8))/((-1)/((-24)/(-10))). Suppose 5*j = -s + 16, 2*s + s = 3*j - d. Suppose -38 = -j*p - 14. Calculate the remainder when 21 is divided by p.
5
Suppose 8*w - 6 = 9*w - 27. What is the remainder when 1871 is divided by w?
2
Suppose 32 + 2488 = 15*z + 5*z. What is the remainder when 339 is divided by z?
87
Let u(j) = 4*j**2 - 14*j + 15. What is the remainder when 137 is divided by u(3)?
2
What is the remainder when 10168 is divided by (-9)/(-6)*(-3 - (-5071)/33)?
224
Suppose 5*a - 35 = 0, p + 60 = 6*a + 35. Let v = -20 - -31. Calculate the remainder when p is divided by v.
6
Let i(a) = a**2 - 2*a + 45. Let r be i(-37). Let j = r + -1059. Calculate the remainder when j is divided by 86.
85
Let c(k) = -k**2 - 10*k + 2. What is the remainder when 11 + 4 + (6/11)/((-17)/(-187)) is divided by c(-9)?
10
Suppose -s = 8*j - 7*j + 780, -4*s - j - 3117 = 0. Let k = 798 + s. Calculate the remainder when 586 is divided by k.
16
Suppose 5*k = -5*a + 10, -3*a = -4*k - 15 + 9. Suppose 0*x - 3*x - 2*m = -826, 536 = a*x + 5*m. Calculate the remainder when x is divided by 5.
3
Suppose -3*d + 4*w + 28 + 54 = 0, 5*w + 140 = 5*d. What is the remainder when d is divided by 27?
3
Suppose 57*l + 18 = 51*l. Let c(k) = -8*k + 1. Let a be c(l). Suppose -a = -h - 3*f, -2*h - f = -h - 15. What is the remainder when 15 is divided by h?
5
Calculate the remainder when 20*(-11 + (-1791)/(-15)) is divided by 7.
5
Suppose 0 = 31*k + 593*k - 1530672. Calculate the remainder when k is divided by 122.
13
Suppose 0 = -3*c - 4*a + 5*a + 287, 0 = -4*a + 16. Suppose 55 - c = -2*p. Calculate the remainder when p is divided by 12.
9
Calculate the remainder when (-41 - -2453) + (-1 - 5) is divided by 33.
30
Let r(n) = -6*n**3 - 22*n**2 - 17*n - 10. Calculate the remainder when r(-9) is divided by 11.
7
Suppose -4*l - 78 = -3*a, -2*a + 25 = -a - l. Suppose 3*j - 1 = -s + 5, a = 2*s - 4*j. Calculate the remainder when 2/(-7) + 9696/224 is divided by s.
7
Suppose -129 + 1 = o - 4*d, 0 = 2*o - 3*d + 261. Let v = o - -161. What is the remainder when v is divided by 16?
13
Let q(u) = 57*u**2 - 478*u - 3772. Calculate the remainder when q(-8) is divided by 369.
10
Let p(k) = k**3 + 5*k**2 - 6*k - 2. Let a be p(-6). Calculate the remainder when 53 + 6 + 3 + a is divided by 21.
18
Suppose 0 = 63*z - 597 + 30. Calculate the remainder when 403 is divided by z.
7
Let b be 9/18 + 49/14. Suppose 3*k + 1680 = 3*q, b*q + 2*k - 3271 = -1043. What is the remainder when q is divided by 10?
8
Let j(w) = -2*w**3 - 21*w**2 + 7*w - 42. Let b = 6 + -5. Calculate the remainder when j(-11) is divided by b.
0
Let r be ((-1000)/16)/((-1)/(-4)). Let q = -152 - r. Calculate the remainder when q is divided by 26.
20
Suppose -2*l + 4*l = -4*w + 780, w - 192 = -2*l. Calculate the remainder when w is divided by (7 + (2 - 7/2))/(6/24).
20
Calculate the remainder when 17 + -5 + (-14 - -299) is divided by 10.
7
Let a = 11850 + -11793. Calculate the remainder when 201 is divided by a.
30
Let j be 34 + -1 + -2 + 1. Let h = 73 + j. Suppose -w + 6*w = 3*n + 141, -4*w + 102 = 3*n. Calculate the remainder when h is divided by w.
24
Let h(c) = -c**2 + 11*c + 7. Let b be h(10). Let r = -15 + b. Suppose 0 = -n - g + 2, 1 - 2 = n + 2*g. Calculate the remainder when n is divided by r.
1
Let y be (-2 - (-2)/3) + (-4)/6. Let c be (154/(-28))/(y/16). Let g = c - 25. Calculate the remainder when 35 is divided by g.
16
Let k = 213 + -95. Let g = k + -113. Suppose 2*h - g*t = 85, 128 = h + 3*h + 4*t. Calculate the remainder when h is divided by 19.
16
Let f(z) = 58*z**2 + 744*z + 23. Calculate the remainder when f(-14) is divided by 4.
3
Let k(u) = -u - 1. Let d(y) = -y**2 - 2*y. Let q be d(-4). Let l(p) = p**3 + 4*p**2 - 25*p - 75. What is the remainder when l(-5) is divided by k(q)?
4
Suppose 0 = -3*y + d + 152 + 71, y - 2*d = 76. Calculate the remainder when 49 is divided by 111/y*104/6.
23
Let b(j) = 5*j**3 - j**2 - 2*j + 3. Suppose 69*q - 530 = -3*y + 67*q, 888 = 5*y + 4*q. What is the remainder when y is divided by b(2)?
32
Let y(r) = 6*r**2 - 4*r - 344. Calculate the remainder when y(20) is divided by 655.
11
Let u = 18410 + -16743. Calculate the remainder when u is divided by 22.
17
Let q(l) = l**3 - 98*l**2 + 404*l + 18. Calculate the remainder when 895 is divided by q(4).
115
Suppose 14*u = -3*u + 184891 - 73184. What is the remainder when u is divided by 62?
61
Let i = 6861 - 6572. What is the remainder when i is divided by 138?
13
Let j be 2/(-18)*-3 - (-21532)/42. Suppose -j*z = -514*z + 37. Let r = 226 + -42. Calculate the remainder when r is divided by z.
36
Suppose -2*h + 4*z = z - 16, -40 = -5*h - z. Calculate the remainder when 489 is divided by h.
1
Suppose -5*u + 91 = 2*w, -2*w + 5*u + 55 = -26. What is the remainder when (1649/17 - 15) + (0 - 3) is divided by w?
36
Let m(s) = -14*s. Let p(a) = 3*a**3 - 7*a**2 + 3*a + 3. Let t be p(2). Let f = -7 + t. Calculate the remainder when m(f) is divided by 6.
4
Let b = -985 - -1021. Calculate the remainder when 180 is divided by b.
0
Suppose g = 2*g - s - 14, 4*s = -5*g + 34. Let i(a) = -153*a + 3072. Calculate the remainder when i(20) is divided by g.
2
What is the remainder when (49/14)/((-7)/(10 - 10076)) is divided by 280?
273
What is the remainder when 803 is divided by 157070/6950 + (0 + -1)*2/(-5)?
21
Suppose 5*i - 4*g + 308 = 0, -2*i - 122 = -0*i - g. Let m = i + 69. Suppose m*o + 68 = 13*o. Calculate the remainder when 67 is divided by o.
16
What is the remainder when 309 is divided by (910/(-39))/((-10)/60)?
29
Let k = 98 + -60. Suppose -3*t + 2*t = -k. Calculate the remainder when 200/(-1)*276/(-736) is divided by t.
37
Let f = -23254 + 26062. Calculate the remainder when f is divided by 37.
33
Let h = -3441 + 3509. What is the remainder when h is divided by 29?
10
Suppose 0 = -46*s + 41*s - 5*l + 2485, 0 = -4*l + 36. Calculate the remainder when s is divided by 149.
41
Let y(b) be the second derivative of 2*b**3 - 5*b**2 + 38*b. Calculate the remainder when y(2) is divided by 8.
6
Suppose -149*b = 2*c - 151*b - 236, 3*c = 5*b + 342. Calculate the remainder when 205 is divided by c.
81
Suppose -314 = 5*w + w - 1682. Calculate the remainder when 10485 is divided by w.
225
Let k(w) = 4*w**3 - 14*w**2 - w + 247. Calculate the remainder when 620 is divided by k(5).
228
Let y(l) = -11*l - 54. Let q be y(-10). Suppose 0 = 145*k - 149*k + q. What is the remainder when 122 is divided by k?
10
Suppose 707 = -12*q - 3*q + 992. What is the remainder when 6915 is divided by q?
18
Suppose -9*k + 4*k = -2410. Let l = k - 455. What is the remainder when 212 is divided by l?
23
Suppose 6*x + x = 693. Suppose -5*k + 141*j = 142*j - 18, -2*k - 3*j + 2 = 0. What is the remainder when x is divided by k?
3
Suppose 0 = -3*x + 12, -z - 7*x + 20 = -2*x. Suppose z*g = 5*g - 30. Calculate the remainder when (2 + 2 + g)*52/8 is divided by 17.
14
Suppose -5*h + 24 = 2*r, h = 5*r - 2 + 23. Let n(c) = -c**3 + 5*c**2 + 10*c + 11. Calculate the remainder when 137 is divided by n(h).
32
Suppose -4*u + 33 = -o + 2*o, 4*u = 3*o - 83. Calculate the remainder when 169 is divided by o.
24
Let u be (12/(-18))/(8/(-1956)). Let d = -159 + u. Calculate the remainder when 18 is divided by d.
2
Let o(r) = r + 131. What is the remainder when 1048 is divided by o(-75)?
40
What is the remainder when (-2145)/10*(32/(-6))/4 is divided by (-1038)/(-42) - (-4)/14?
11
Let q = 58 + -27. Suppose 2*f + 9*s - 24 = 7*s, 2*f - 30 = -5*s. What is the remainder when q is divided by f?
1
Suppose 146 = 2*j + 5*f, -3*f = -5*j + 437 - 72. Suppose 0 = 2*q + 5*t - t - 5